210 + -102?
121112101
In base 7, what is -163 - -45?
-115
In base 13, what is -a1b33b + 3?
-a1b338
In base 14, what is 2 - -13612?
13614
In base 12, what is -2 - -7b5672?
7b5670
In base 9, what is 2 + -5287?
-5285
In base 3, what is 11100101102 - 11?
11100101021
In base 8, what is 4 - -36020?
36024
In base 6, what is -15 + -21544?
-22003
In base 14, what is -2 + -7075?
-7077
In base 8, what is 0 + 1044?
1044
In base 6, what is -3003154 - -10?
-3003144
In base 14, what is -44 + d7a?
d36
In base 12, what is 1228 - -39?
1265
In base 2, what is -101 + -101001010110000?
-101001010110101
In base 3, what is -1122100 - 1111221?
-10011021
In base 16, what is 159 + -16?
143
In base 16, what is -21837 - 4?
-2183b
In base 12, what is 61 - -817?
878
In base 12, what is -10b055 + 4?
-10b051
In base 2, what is -1001101111101 + 100101?
-1001101011000
In base 16, what is 6d + -274?
-207
In base 14, what is 1 - 8b69b?
-8b69a
In base 2, what is -11000011 - 11010110?
-110011001
In base 2, what is -111 - -111011011000111?
111011011000000
In base 12, what is -4 - 61b59?
-61b61
In base 9, what is 204611 + -20?
204581
In base 9, what is 848 + -262?
576
In base 14, what is 2a - 1715?
-16c9
In base 12, what is -32a8 + -a?
-32b6
In base 6, what is 2 + 1155115?
1155121
In base 3, what is 1200011 - -2011?
1202022
In base 9, what is 3 - -771011?
771014
In base 6, what is 4230 + -2340?
1450
In base 8, what is 122474 + -2?
122472
In base 9, what is -628075 + -4?
-628080
In base 10, what is 2 - 45558?
-45556
In base 2, what is 11101010001 - -110101111?
100100000000
In base 12, what is 2 + 58a2?
58a4
In base 11, what is -20 + 8375?
8355
In base 14, what is 3 - -13536?
13539
In base 3, what is 221 - -200120210?
200121201
In base 14, what is 5b31 + -6?
5b29
In base 15, what is -a - 1757?
-1762
In base 4, what is 11 + -101303301?
-101303230
In base 9, what is 43334 - -4?
43338
In base 9, what is 4 - -45362?
45366
In base 3, what is -12111010220 - -12?
-12111010201
In base 15, what is 32ca - -13a?
3415
In base 12, what is 1 + -1a0838?
-1a0837
In base 16, what is -2b67e + -e?
-2b68c
In base 11, what is 78 + -374?
-2a7
In base 14, what is -283 + 3b?
-246
In base 12, what is -1 + -7bbb?
-8000
In base 4, what is 2 + 1100201331?
1100201333
In base 15, what is -a1e - -2?
-a1c
In base 15, what is b3e - c?
b32
In base 15, what is 646076 - -1?
646077
In base 14, what is 1b359 + 0?
1b359
In base 11, what is -2 - -3993?
3991
In base 2, what is 10101 + 1100100001?
1100110110
In base 4, what is 3132 + 2230?
12022
In base 8, what is 470411 + -4?
470405
In base 15, what is 4 - 9bb7?
-9bb3
In base 14, what is -172b9 - -5?
-172b4
In base 2, what is -101001111011000 + 10111?
-101001111000001
In base 11, what is 78016 + -1?
78015
In base 2, what is -11010 - 100100100100?
-100100111110
In base 16, what is -1c2f - -12?
-1c1d
In base 3, what is -2210010002202 - -11?
-2210010002121
In base 3, what is -1012220 + -1220221?
-10010211
In base 4, what is -32122 - -22?
-32100
In base 9, what is 704126 + -3?
704123
In base 16, what is a + -7b15?
-7b0b
In base 7, what is 633 - 321?
312
In base 3, what is 1001000021 - 1200?
1000221121
In base 8, what is 206273 + -5?
206266
In base 8, what is 45 - 17621?
-17554
In base 3, what is -11 + 10121211?
10121200
In base 2, what is 1100 + -10111000110101110?
-10111000110100010
In base 4, what is 31322 + -1213?
30103
In base 12, what is 11028 + 2b?
11057
In base 7, what is 0 - -302031?
302031
In base 9, what is -21224 + 46?
-21167
In base 5, what is 0 - -32420?
32420
In base 4, what is -1233112 - -231?
-1232221
In base 14, what is -23b6 + 1a?
-239a
In base 5, what is 213001 + 121?
213122
In base 9, what is -2481610 - 4?
-2481614
In base 14, what is 8502 + 3?
8505
In base 2, what is -1100011011010 - -1?
-1100011011001
In base 11, what is 7 - -17522?
17529
In base 3, what is -100200101 - -1022202?
-22100122
In base 6, what is -524313 - -3?
-524310
In base 4, what is 1 - 3000012?
-3000011
In base 16, what is -1f3a7 - a?
-1f3b1
In base 14, what is -7 - -27997?
27990
In base 7, what is 163523 - -153?
164006
In base 10, what is -5 + -175014?
-175019
In base 9, what is -1206380 - -2?
-1206377
In base 8, what is 15245 - 175?
15050
In base 2, what is -11011101010 - 1111?
-11011111001
In base 10, what is -1617 - -49?
-1568
In base 15, what is b - b910?
-b904
In base 9, what is -653 - -53?
-600
In base 11, what is -5 - -216a9?
216a4
In base 8, what is 15474 + -16?
15456
In base 5, what is -102034 - -3?
-102031
In base 8, what is -2463170 + -6?
-2463176
In base 10, what is -216 + -244?
-460
In base 2, what is 10111011110 + 100110?
11000000100
In base 16, what is -2c22 + 5?
-2c1d
In base 3, what is -10 - -121222100212?
121222100202
In base 15, what is 2ad54d + 5?
2ad553
In base 2, what is 1010010001111 - -1011?
1010010011010
In base 15, what is 66256 - -1?
66257
In base 12, what is -3ba6 - -2?
-3ba4
In base 10, what is 144 + -1647?
-1503
In base 12, what is 616 - -129?
743
In base 10, what is -3 - 7?
-10
In base 2, what is 110111100100 + -1001111?
110110010101
In base 15, what is -24298 + 4?
-24294
In base 8, what is -14337 - 15?
-14354
In base 13, what is -3b44 + -2b?
-3b72
In base 12, what is -2983 - -358?
-2627
In base 5, what is 341 + -1101?
-210
In base 9, what is -130 + 31?
-88
In base 2, what is 11 - 11000000110001?
-11000000101110
In base 14, what is 4d07 - -1?
4d08
In base 2, what is 1111110100 + -1111?
1111100101
In base 6, what is 314331 + -20?
314311
In base 2, what is 101100 - 10101110111010?
-10101110001110
In base 4, what is -10 - 1130203?
-1130213
In base 15, what is e7 - 1c4?
-cc
In base 6, what is -24015 + 352?
-23223
In base 2, what is -100 + 1101011101100110101?
1101011101100110001
In base 3, what is -102022210 + -10001?
-102102211
In base 10, what is 90 + -2000?
-1910
In base 5, what is -10 + -231041340?
-231041400
In base 9, what is -13 - -133201?
133177
In base 6, what is 23404 - 130?
23234
In base 7, what is 5303 + 11?
5314
In base 13, what is 326 - -1a?
343
In base 12, what is -11 - 25810?
-25821
In base 4, what is 333031103 - -32?
333031201
In base 3, what is 10 - -222201212112?
222201212122
In base 6, what is -152233 + 4?
-152225
In base 7, what is 4033 + 1?
4034
In base 16, what is -5 + -394c?
-3951
In base 8, what is -173011 - -7?
-173002
In base 6, what is -524 - -1242?
314
In base 12, what is -96363 - 1?
-96364
In base 11, what is 47 - -4084?
4120
In base 4, what is 110300220 - 10?
110300210
In base 7, what is 113 + -1300?
-1154
In base 3, what is 10011020111 + -102?
10011020002
In base 9, what is 3082 - 143?
2838
In base 4, what is -213000003 - -32?
-212333311
In base 5, what is -1012300 + -20?
-1012320
In base 4, what is 1100300031 + 10?
1100300101
In base 3, what is 111201 - 201000?
-12022
In base 7, what is 5 - -36013?
36021
In base 15, what is -a2 - b?
-ad
In base 9, what is 15 + -115018?
-115003
In base 4, what is 210 - -1200230?
1201100
In base 11, what is 1a2 - -314a?
3341
In base 2, what is -10011110111100 + -10?
-10011110111110
In base 13, what is -1c6027 + 3?
-1c6024
In base 13, what is -104b - -3c?
-100c
In base 11, what is -9a + 273?
184
In base 7, what is -50 - -150?
100
In base 5, what is 4 - -10142334?
10142343
In base 8, what is -417641 + 2?
-417637
In base 8, what is -1406 - -600?
-606
In base 6, what is -24135 - 3105?
-31244
In base 4, what is 111 - 31213120?
-31213003
In base 9, what is 2 - 216227?
-216225
In base 13, what is -1a1 - 2ba?
-48b
In base 14, what is 0 + -10a95?
-10a95
In base 3, what is 111202212 - 2000?
111200212
In base 14, what is -143a + -15?
-1451
In base 8, what is 5 + -62103?
-62076
In base 5, what is 30 + 42430?
43010
In base 12, what is 14 + 189?
1a1
In base 11, what is -70031 - 5?
-70036
In base 12, what is -718 - 3?
-71b
In base 13, what is -3 + -2502?
-2505
In base 2, what is -11100100100101111111100 - -1?
-11100100100101111111011
In base 11, what is -13a5 - -196?
-120a
In base 15, what is -cd4 + -2e0?
-10c4
In base 12, what is 46941 - 23?
4691a
In base 11, what is 626 - -25?
650
In base 2, what is 1 - 100001000001001101?
-100001000001001100
In base 5, what is -100242042 - -3?
-100242034
In base 12, what is 11 + -7737?
-7726
In base 6, what is -20210212 - 3?
-20210215
In base 15, what is -4435 + b?
-4429
I